{"id":633,"date":"2024-03-11T19:40:20","date_gmt":"2024-03-12T00:40:20","guid":{"rendered":"https:\/\/odontologosadomicilio.com\/?post_type=product&#038;p=633"},"modified":"2024-03-19T09:18:21","modified_gmt":"2024-03-19T14:18:21","slug":"endodoncia","status":"publish","type":"product","link":"https:\/\/odontologosadomicilio.com\/?product=endodoncia","title":{"rendered":"Valoraci\u00f3n Endodoncia"},"content":{"rendered":"<h2 data-sourcepos=\"1:1-1:56\">Valoraci\u00f3n Endodoncia sin dolor \u00a1Dile adi\u00f3s al dolor de muelas!<\/h2>\n<p data-sourcepos=\"3:1-3:195\">Elimina el dolor de muelas de forma definitiva con nuestro tratamiento de endodoncia indoloro. Tecnolog\u00eda de vanguardia y especialistas altamente calificados para una experiencia segura y c\u00f3moda.<\/p>\n<p data-sourcepos=\"5:1-5:15\"><strong>Beneficios:<\/strong><\/p>\n<ul data-sourcepos=\"7:1-13:0\">\n<li data-sourcepos=\"7:1-7:43\"><strong>Alivio inmediato del dolor de muelas.<\/strong><\/li>\n<li data-sourcepos=\"8:1-8:40\"><strong>Conservaci\u00f3n de tu diente natural.<\/strong><\/li>\n<li data-sourcepos=\"9:1-9:51\"><strong>Procedimiento preciso y m\u00ednimamente invasivo.<\/strong><\/li>\n<li data-sourcepos=\"10:1-10:53\"><strong>Anestesia local para una experiencia sin dolor.<\/strong><\/li>\n<li data-sourcepos=\"11:1-11:47\"><strong>Equipo odontol\u00f3gico de \u00faltima generaci\u00f3n.<\/strong><\/li>\n<li data-sourcepos=\"12:1-13:0\"><strong>Odontopediatr\u00eda para los m\u00e1s peque\u00f1os.<\/strong><\/li>\n<\/ul>\n","protected":false},"excerpt":{"rendered":"<p data-sourcepos=\"14:1-14:42\"><strong>\u00a1Recupera tu salud bucal y tu sonrisa!<\/strong><\/p>\n<p data-sourcepos=\"15:1-15:47\"><strong>\u00bfCu\u00e1ndo acudir a una valoraci\u00f3n endodoncia?<\/strong><\/p>\n<ul data-sourcepos=\"17:1-21:0\">\n<li data-sourcepos=\"17:1-17:40\">Dolor intenso o pulsante en un diente.<\/li>\n<li data-sourcepos=\"18:1-18:34\">Sensibilidad al fr\u00edo o al calor.<\/li>\n<li data-sourcepos=\"19:1-19:32\">Diente fracturado o astillado.<\/li>\n<li data-sourcepos=\"20:1-21:0\">Inflamaci\u00f3n o hinchaz\u00f3n en la enc\u00eda alrededor de un diente<\/li>\n<\/ul>\n","protected":false},"featured_media":635,"comment_status":"open","ping_status":"closed","template":"","meta":{"_eb_attr":"","_monsterinsights_skip_tracking":false,"_monsterinsights_sitenote_active":false,"_monsterinsights_sitenote_note":"","_monsterinsights_sitenote_category":0,"site-sidebar-layout":"default","site-content-layout":"","ast-site-content-layout":"default","site-content-style":"default","site-sidebar-style":"default","ast-global-header-display":"","ast-banner-title-visibility":"","ast-main-header-display":"","ast-hfb-above-header-display":"","ast-hfb-below-header-display":"","ast-hfb-mobile-header-display":"","site-post-title":"","ast-breadcrumbs-content":"","ast-featured-img":"","footer-sml-layout":"","ast-disable-related-posts":"","theme-transparent-header-meta":"default","adv-header-id-meta":"","stick-header-meta":"","header-above-stick-meta":"","header-main-stick-meta":"","header-below-stick-meta":"","astra-migrate-meta-layouts":"set","ast-page-background-enabled":"default","ast-page-background-meta":{"desktop":{"background-color":"var(--ast-global-color-4)","background-image":"","background-repeat":"repeat","background-position":"center center","background-size":"auto","background-attachment":"scroll","background-type":"","background-media":"","overlay-type":"","overlay-color":"","overlay-opacity":"","overlay-gradient":""},"tablet":{"background-color":"","background-image":"","background-repeat":"repeat","background-position":"center center","background-size":"auto","background-attachment":"scroll","background-type":"","background-media":"","overlay-type":"","overlay-color":"","overlay-opacity":"","overlay-gradient":""},"mobile":{"background-color":"","background-image":"","background-repeat":"repeat","background-position":"center center","background-size":"auto","background-attachment":"scroll","background-type":"","background-media":"","overlay-type":"","overlay-color":"","overlay-opacity":"","overlay-gradient":""}},"ast-content-background-meta":{"desktop":{"background-color":"var(--ast-global-color-5)","background-image":"","background-repeat":"repeat","background-position":"center center","background-size":"auto","background-attachment":"scroll","background-type":"","background-media":"","overlay-type":"","overlay-color":"","overlay-opacity":"","overlay-gradient":""},"tablet":{"background-color":"var(--ast-global-color-5)","background-image":"","background-repeat":"repeat","background-position":"center center","background-size":"auto","background-attachment":"scroll","background-type":"","background-media":"","overlay-type":"","overlay-color":"","overlay-opacity":"","overlay-gradient":""},"mobile":{"background-color":"var(--ast-global-color-5)","background-image":"","background-repeat":"repeat","background-position":"center center","background-size":"auto","background-attachment":"scroll","background-type":"","background-media":"","overlay-type":"","overlay-color":"","overlay-opacity":"","overlay-gradient":""}}},"product_brand":[],"product_cat":[37,42],"product_tag":[],"class_list":{"0":"post-633","1":"product","2":"type-product","3":"status-publish","4":"has-post-thumbnail","6":"product_cat-tratamientos-de-endodoncia","7":"product_cat-valoracion","8":"desktop-align-left","9":"tablet-align-left","10":"mobile-align-left","12":"first","13":"instock","14":"sale","15":"virtual","16":"purchasable","17":"product-type-simple"},"jetpack_sharing_enabled":true,"_links":{"self":[{"href":"https:\/\/odontologosadomicilio.com\/index.php?rest_route=\/wp\/v2\/product\/633","targetHints":{"allow":["GET"]}}],"collection":[{"href":"https:\/\/odontologosadomicilio.com\/index.php?rest_route=\/wp\/v2\/product"}],"about":[{"href":"https:\/\/odontologosadomicilio.com\/index.php?rest_route=\/wp\/v2\/types\/product"}],"replies":[{"embeddable":true,"href":"https:\/\/odontologosadomicilio.com\/index.php?rest_route=%2Fwp%2Fv2%2Fcomments&post=633"}],"wp:featuredmedia":[{"embeddable":true,"href":"https:\/\/odontologosadomicilio.com\/index.php?rest_route=\/wp\/v2\/media\/635"}],"wp:attachment":[{"href":"https:\/\/odontologosadomicilio.com\/index.php?rest_route=%2Fwp%2Fv2%2Fmedia&parent=633"}],"wp:term":[{"taxonomy":"product_brand","embeddable":true,"href":"https:\/\/odontologosadomicilio.com\/index.php?rest_route=%2Fwp%2Fv2%2Fproduct_brand&post=633"},{"taxonomy":"product_cat","embeddable":true,"href":"https:\/\/odontologosadomicilio.com\/index.php?rest_route=%2Fwp%2Fv2%2Fproduct_cat&post=633"},{"taxonomy":"product_tag","embeddable":true,"href":"https:\/\/odontologosadomicilio.com\/index.php?rest_route=%2Fwp%2Fv2%2Fproduct_tag&post=633"}],"curies":[{"name":"wp","href":"https:\/\/api.w.org\/{rel}","templated":true}]}}