{"id":627,"date":"2024-03-11T19:35:06","date_gmt":"2024-03-12T00:35:06","guid":{"rendered":"https:\/\/odontologosadomicilio.com\/?post_type=product&#038;p=627"},"modified":"2024-03-31T17:40:44","modified_gmt":"2024-03-31T22:40:44","slug":"extracciones-dentales","status":"publish","type":"product","link":"https:\/\/odontologosadomicilio.com\/?product=extracciones-dentales","title":{"rendered":"Extracciones dentales"},"content":{"rendered":"<h2 data-sourcepos=\"1:1-1:43\">Extracciones dentales sin dolor ni miedo<\/h2>\n<p data-sourcepos=\"3:1-3:37\"><strong>\u00bfNecesitas una extracci\u00f3n dental?<\/strong><\/p>\n<p data-sourcepos=\"5:1-5:126\">En Odont\u00f3logos a Domicilio te ofrecemos un servicio profesional y compasivo para que tu experiencia sea lo m\u00e1s c\u00f3moda posible.<\/p>\n<p data-sourcepos=\"7:1-7:93\"><strong>Utilizamos t\u00e9cnicas modernas y anestesia local para garantizar un procedimiento indoloro.<\/strong><\/p>\n<p data-sourcepos=\"9:1-9:117\"><strong>Nuestros expertos te brindar\u00e1n la atenci\u00f3n personalizada que necesitas antes, durante y despu\u00e9s de la extracci\u00f3n.<\/strong><\/p>\n<p data-sourcepos=\"11:1-11:15\"><strong>Beneficios:<\/strong><\/p>\n<ul data-sourcepos=\"13:1-18:0\">\n<li data-sourcepos=\"13:1-13:36\"><strong>Procedimiento r\u00e1pido y seguro.<\/strong><\/li>\n<li data-sourcepos=\"14:1-14:29\"><strong>Sin dolor ni molestias.<\/strong><\/li>\n<li data-sourcepos=\"15:1-15:39\"><strong>Atenci\u00f3n personalizada y cercana.<\/strong><\/li>\n<li data-sourcepos=\"16:1-16:51\"><strong>Opciones de sedaci\u00f3n para tu mayor comodidad.<\/strong><\/li>\n<li data-sourcepos=\"17:1-18:0\"><strong>Seguimiento postoperatorio para garantizar una recuperaci\u00f3n \u00f3ptima.<\/strong><\/li>\n<\/ul>\n","protected":false},"excerpt":{"rendered":"<p data-sourcepos=\"19:1-19:20\"><strong>\u00a1No esperes m\u00e1s!<\/strong><\/p>\n<p data-sourcepos=\"21:1-21:57\"><strong>Reserva tu cita hoy mismo y libera tu boca del dolor.<\/strong><\/p>\n","protected":false},"featured_media":629,"comment_status":"open","ping_status":"closed","template":"","meta":{"_eb_attr":"","_monsterinsights_skip_tracking":false,"_monsterinsights_sitenote_active":false,"_monsterinsights_sitenote_note":"","_monsterinsights_sitenote_category":0,"site-sidebar-layout":"default","site-content-layout":"","ast-site-content-layout":"default","site-content-style":"default","site-sidebar-style":"default","ast-global-header-display":"","ast-banner-title-visibility":"","ast-main-header-display":"","ast-hfb-above-header-display":"","ast-hfb-below-header-display":"","ast-hfb-mobile-header-display":"","site-post-title":"","ast-breadcrumbs-content":"","ast-featured-img":"","footer-sml-layout":"","ast-disable-related-posts":"","theme-transparent-header-meta":"default","adv-header-id-meta":"","stick-header-meta":"","header-above-stick-meta":"","header-main-stick-meta":"","header-below-stick-meta":"","astra-migrate-meta-layouts":"set","ast-page-background-enabled":"default","ast-page-background-meta":{"desktop":{"background-color":"var(--ast-global-color-4)","background-image":"","background-repeat":"repeat","background-position":"center center","background-size":"auto","background-attachment":"scroll","background-type":"","background-media":"","overlay-type":"","overlay-color":"","overlay-opacity":"","overlay-gradient":""},"tablet":{"background-color":"","background-image":"","background-repeat":"repeat","background-position":"center center","background-size":"auto","background-attachment":"scroll","background-type":"","background-media":"","overlay-type":"","overlay-color":"","overlay-opacity":"","overlay-gradient":""},"mobile":{"background-color":"","background-image":"","background-repeat":"repeat","background-position":"center center","background-size":"auto","background-attachment":"scroll","background-type":"","background-media":"","overlay-type":"","overlay-color":"","overlay-opacity":"","overlay-gradient":""}},"ast-content-background-meta":{"desktop":{"background-color":"var(--ast-global-color-5)","background-image":"","background-repeat":"repeat","background-position":"center center","background-size":"auto","background-attachment":"scroll","background-type":"","background-media":"","overlay-type":"","overlay-color":"","overlay-opacity":"","overlay-gradient":""},"tablet":{"background-color":"var(--ast-global-color-5)","background-image":"","background-repeat":"repeat","background-position":"center center","background-size":"auto","background-attachment":"scroll","background-type":"","background-media":"","overlay-type":"","overlay-color":"","overlay-opacity":"","overlay-gradient":""},"mobile":{"background-color":"var(--ast-global-color-5)","background-image":"","background-repeat":"repeat","background-position":"center center","background-size":"auto","background-attachment":"scroll","background-type":"","background-media":"","overlay-type":"","overlay-color":"","overlay-opacity":"","overlay-gradient":""}}},"product_brand":[],"product_cat":[36],"product_tag":[],"class_list":{"0":"post-627","1":"product","2":"type-product","3":"status-publish","4":"has-post-thumbnail","6":"product_cat-extracciones-dentales","7":"desktop-align-left","8":"tablet-align-left","9":"mobile-align-left","11":"first","12":"instock","13":"sale","14":"virtual","15":"purchasable","16":"product-type-simple"},"jetpack_sharing_enabled":true,"_links":{"self":[{"href":"https:\/\/odontologosadomicilio.com\/index.php?rest_route=\/wp\/v2\/product\/627","targetHints":{"allow":["GET"]}}],"collection":[{"href":"https:\/\/odontologosadomicilio.com\/index.php?rest_route=\/wp\/v2\/product"}],"about":[{"href":"https:\/\/odontologosadomicilio.com\/index.php?rest_route=\/wp\/v2\/types\/product"}],"replies":[{"embeddable":true,"href":"https:\/\/odontologosadomicilio.com\/index.php?rest_route=%2Fwp%2Fv2%2Fcomments&post=627"}],"wp:featuredmedia":[{"embeddable":true,"href":"https:\/\/odontologosadomicilio.com\/index.php?rest_route=\/wp\/v2\/media\/629"}],"wp:attachment":[{"href":"https:\/\/odontologosadomicilio.com\/index.php?rest_route=%2Fwp%2Fv2%2Fmedia&parent=627"}],"wp:term":[{"taxonomy":"product_brand","embeddable":true,"href":"https:\/\/odontologosadomicilio.com\/index.php?rest_route=%2Fwp%2Fv2%2Fproduct_brand&post=627"},{"taxonomy":"product_cat","embeddable":true,"href":"https:\/\/odontologosadomicilio.com\/index.php?rest_route=%2Fwp%2Fv2%2Fproduct_cat&post=627"},{"taxonomy":"product_tag","embeddable":true,"href":"https:\/\/odontologosadomicilio.com\/index.php?rest_route=%2Fwp%2Fv2%2Fproduct_tag&post=627"}],"curies":[{"name":"wp","href":"https:\/\/api.w.org\/{rel}","templated":true}]}}