{"id":621,"date":"2024-03-11T18:58:47","date_gmt":"2024-03-11T23:58:47","guid":{"rendered":"https:\/\/odontologosadomicilio.com\/?post_type=product&#038;p=621"},"modified":"2024-03-19T09:21:16","modified_gmt":"2024-03-19T14:21:16","slug":"emergencia-odontologica","status":"publish","type":"product","link":"https:\/\/odontologosadomicilio.com\/?product=emergencia-odontologica","title":{"rendered":"Emergencia Odontol\u00f3gica"},"content":{"rendered":"<h1>Asistencia en Emergencia Odontol\u00f3gica<br \/>\nY Seguridad del Paciente<\/h1>\n<h2 data-sourcepos=\"1:1-1:66\">\u00a1No esperes m\u00e1s! Alivia tu dolor dental con atenci\u00f3n inmediata.<\/h2>\n<p data-sourcepos=\"3:1-3:79\"><strong>Odont\u00f3logos a Domicilio te ofrece atenci\u00f3n de urgencias odontol\u00f3gicas 24\/7.<\/strong><\/p>\n<p data-sourcepos=\"5:1-5:77\"><strong>Resolvemos cualquier problema dental urgente en la comodidad de tu hogar.<\/strong><\/p>\n<p data-sourcepos=\"7:1-7:23\"><strong>Nuestros servicios:<\/strong><\/p>\n<ul data-sourcepos=\"9:1-15:0\">\n<li data-sourcepos=\"9:1-9:30\"><strong>Alivio del dolor dental.<\/strong><\/li>\n<li data-sourcepos=\"10:1-10:53\"><strong>Reparaci\u00f3n de dientes fracturados o astillados.<\/strong><\/li>\n<li data-sourcepos=\"11:1-11:53\"><strong>Extracci\u00f3n de dientes temporales o permanentes.<\/strong><\/li>\n<li data-sourcepos=\"12:1-12:39\"><strong>Tratamiento de abscesos dentales.<\/strong><\/li>\n<li data-sourcepos=\"13:1-13:26\"><strong>Control de sangrado.<\/strong><\/li>\n<li data-sourcepos=\"14:1-15:0\"><strong>Sutura de heridas en la boca.<\/strong><\/li>\n<\/ul>\n<p data-sourcepos=\"16:1-16:44\"><strong>\u00bfPor qu\u00e9 elegir Odont\u00f3logos a Domicilio?<\/strong><\/p>\n<ul data-sourcepos=\"18:1-23:0\">\n<li data-sourcepos=\"18:1-18:71\"><strong>Atenci\u00f3n inmediata:<\/strong>\u00a0Atendemos tu urgencia en menos de 60 minutos.<\/li>\n<li data-sourcepos=\"19:1-19:76\"><strong>Disponibilidad 24\/7:<\/strong>\u00a0Estamos disponibles para ti los 365 d\u00edas del a\u00f1o.<\/li>\n<li data-sourcepos=\"20:1-20:103\"><strong>Profesionales altamente calificados:<\/strong>\u00a0Contamos con un equipo de odont\u00f3logos expertos en urgencias.<\/li>\n<li data-sourcepos=\"21:1-21:86\"><strong>Tecnolog\u00eda de vanguardia:<\/strong>\u00a0Utilizamos equipos odontol\u00f3gicos de \u00faltima generaci\u00f3n.<\/li>\n<li data-sourcepos=\"22:1-23:0\"><strong>Servicio personalizado y cercano:<\/strong>\u00a0Te brindamos un trato amable y comprensivo.<\/li>\n<\/ul>\n","protected":false},"excerpt":{"rendered":"<p data-sourcepos=\"24:1-24:19\"><strong>\u00a1No sufras m\u00e1s!<\/strong><\/p>\n<p data-sourcepos=\"26:1-26:57\"><strong>Llama ahora y recibe atenci\u00f3n odontol\u00f3gica inmediata.<\/strong><\/p>\n","protected":false},"featured_media":623,"comment_status":"open","ping_status":"closed","template":"","meta":{"_eb_attr":"","_monsterinsights_skip_tracking":false,"_monsterinsights_sitenote_active":false,"_monsterinsights_sitenote_note":"","_monsterinsights_sitenote_category":0,"site-sidebar-layout":"default","site-content-layout":"","ast-site-content-layout":"default","site-content-style":"default","site-sidebar-style":"default","ast-global-header-display":"","ast-banner-title-visibility":"","ast-main-header-display":"","ast-hfb-above-header-display":"","ast-hfb-below-header-display":"","ast-hfb-mobile-header-display":"","site-post-title":"","ast-breadcrumbs-content":"","ast-featured-img":"","footer-sml-layout":"","ast-disable-related-posts":"","theme-transparent-header-meta":"default","adv-header-id-meta":"","stick-header-meta":"","header-above-stick-meta":"","header-main-stick-meta":"","header-below-stick-meta":"","astra-migrate-meta-layouts":"set","ast-page-background-enabled":"default","ast-page-background-meta":{"desktop":{"background-color":"var(--ast-global-color-4)","background-image":"","background-repeat":"repeat","background-position":"center center","background-size":"auto","background-attachment":"scroll","background-type":"","background-media":"","overlay-type":"","overlay-color":"","overlay-opacity":"","overlay-gradient":""},"tablet":{"background-color":"","background-image":"","background-repeat":"repeat","background-position":"center center","background-size":"auto","background-attachment":"scroll","background-type":"","background-media":"","overlay-type":"","overlay-color":"","overlay-opacity":"","overlay-gradient":""},"mobile":{"background-color":"","background-image":"","background-repeat":"repeat","background-position":"center center","background-size":"auto","background-attachment":"scroll","background-type":"","background-media":"","overlay-type":"","overlay-color":"","overlay-opacity":"","overlay-gradient":""}},"ast-content-background-meta":{"desktop":{"background-color":"var(--ast-global-color-5)","background-image":"","background-repeat":"repeat","background-position":"center center","background-size":"auto","background-attachment":"scroll","background-type":"","background-media":"","overlay-type":"","overlay-color":"","overlay-opacity":"","overlay-gradient":""},"tablet":{"background-color":"var(--ast-global-color-5)","background-image":"","background-repeat":"repeat","background-position":"center center","background-size":"auto","background-attachment":"scroll","background-type":"","background-media":"","overlay-type":"","overlay-color":"","overlay-opacity":"","overlay-gradient":""},"mobile":{"background-color":"var(--ast-global-color-5)","background-image":"","background-repeat":"repeat","background-position":"center center","background-size":"auto","background-attachment":"scroll","background-type":"","background-media":"","overlay-type":"","overlay-color":"","overlay-opacity":"","overlay-gradient":""}}},"product_brand":[],"product_cat":[35],"product_tag":[],"class_list":{"0":"post-621","1":"product","2":"type-product","3":"status-publish","4":"has-post-thumbnail","6":"product_cat-emergencia-odontologica","7":"desktop-align-left","8":"tablet-align-left","9":"mobile-align-left","11":"first","12":"instock","13":"sale","14":"virtual","15":"purchasable","16":"product-type-simple"},"jetpack_sharing_enabled":true,"_links":{"self":[{"href":"https:\/\/odontologosadomicilio.com\/index.php?rest_route=\/wp\/v2\/product\/621","targetHints":{"allow":["GET"]}}],"collection":[{"href":"https:\/\/odontologosadomicilio.com\/index.php?rest_route=\/wp\/v2\/product"}],"about":[{"href":"https:\/\/odontologosadomicilio.com\/index.php?rest_route=\/wp\/v2\/types\/product"}],"replies":[{"embeddable":true,"href":"https:\/\/odontologosadomicilio.com\/index.php?rest_route=%2Fwp%2Fv2%2Fcomments&post=621"}],"wp:featuredmedia":[{"embeddable":true,"href":"https:\/\/odontologosadomicilio.com\/index.php?rest_route=\/wp\/v2\/media\/623"}],"wp:attachment":[{"href":"https:\/\/odontologosadomicilio.com\/index.php?rest_route=%2Fwp%2Fv2%2Fmedia&parent=621"}],"wp:term":[{"taxonomy":"product_brand","embeddable":true,"href":"https:\/\/odontologosadomicilio.com\/index.php?rest_route=%2Fwp%2Fv2%2Fproduct_brand&post=621"},{"taxonomy":"product_cat","embeddable":true,"href":"https:\/\/odontologosadomicilio.com\/index.php?rest_route=%2Fwp%2Fv2%2Fproduct_cat&post=621"},{"taxonomy":"product_tag","embeddable":true,"href":"https:\/\/odontologosadomicilio.com\/index.php?rest_route=%2Fwp%2Fv2%2Fproduct_tag&post=621"}],"curies":[{"name":"wp","href":"https:\/\/api.w.org\/{rel}","templated":true}]}}