{"id":122,"date":"2024-02-10T17:11:05","date_gmt":"2024-02-10T22:11:05","guid":{"rendered":"https:\/\/odontologosadomicilio.com\/?page_id=122"},"modified":"2024-03-26T11:08:19","modified_gmt":"2024-03-26T16:08:19","slug":"blogg","status":"publish","type":"page","link":"https:\/\/odontologosadomicilio.com\/?page_id=122","title":{"rendered":"Noti-ODOM"},"content":{"rendered":"\t\t<div data-elementor-type=\"wp-page\" data-elementor-id=\"122\" class=\"elementor elementor-122\">\n\t\t\t\t<div class=\"elementor-element elementor-element-7b8e453 e-con-full e-flex e-con e-parent\" data-id=\"7b8e453\" data-element_type=\"container\" data-e-type=\"container\" data-settings=\"{&quot;background_background&quot;:&quot;classic&quot;}\">\n\t\t\t\t<\/div>\n\t\t<div class=\"elementor-element elementor-element-7872fd8 e-flex e-con-boxed e-con e-parent\" data-id=\"7872fd8\" data-element_type=\"container\" data-e-type=\"container\">\n\t\t\t\t\t<div class=\"e-con-inner\">\n\t\t\t\t<div class=\"elementor-element elementor-element-1b6dfb1 elementor-grid-eael-col-3 elementor-grid-tablet-eael-col-2 elementor-grid-mobile-eael-col-1 elementor-widget elementor-widget-eael-post-grid\" data-id=\"1b6dfb1\" data-element_type=\"widget\" data-e-type=\"widget\" data-settings=\"{&quot;eael_post_grid_columns&quot;:&quot;eael-col-3&quot;,&quot;eael_post_grid_columns_tablet&quot;:&quot;eael-col-2&quot;,&quot;eael_post_grid_columns_mobile&quot;:&quot;eael-col-1&quot;}\" data-widget_type=\"eael-post-grid.default\">\n\t\t\t\t<div class=\"elementor-widget-container\">\n\t\t\t\t\t<div id=\"eael-post-grid-1b6dfb1\" class=\"eael-post-grid-container\">\n            <div class=\"eael-post-grid eael-post-appender eael-post-appender-1b6dfb1 eael-post-grid-style-one\" data-layout-mode=\"grid\"><article class=\"eael-grid-post  eael-post-grid-column eael-pg-post-1402 category-blog tags-odontologia-a-domicilio-salud-bucal\" data-id=\"1402\">\n        <div class=\"eael-grid-post-holder\">\n            <div class=\"eael-grid-post-holder-inner\"><div class=\"eael-entry-media\"><div class=\"eael-entry-overlay fade-in\"><i class=\"fas fa-long-arrow-alt-right\" aria-hidden=\"true\"><\/i><a href=\"https:\/\/odontologosadomicilio.com\/?p=1402\"><\/a><\/div><div class=\"eael-entry-thumbnail \">\n                <img fetchpriority=\"high\" decoding=\"async\" width=\"2560\" height=\"1707\" src=\"https:\/\/odontologosadomicilio.com\/wp-content\/uploads\/2026\/02\/closeup-woman-using-toothbrush-while-brushing-teeth-bathroom-scaled.jpg\" class=\"attachment-full size-full wp-image-1403\" alt=\"\" title=\"\" srcset=\"https:\/\/odontologosadomicilio.com\/wp-content\/uploads\/2026\/02\/closeup-woman-using-toothbrush-while-brushing-teeth-bathroom-scaled.jpg 2560w, https:\/\/odontologosadomicilio.com\/wp-content\/uploads\/2026\/02\/closeup-woman-using-toothbrush-while-brushing-teeth-bathroom-300x200.jpg 300w, https:\/\/odontologosadomicilio.com\/wp-content\/uploads\/2026\/02\/closeup-woman-using-toothbrush-while-brushing-teeth-bathroom-1024x683.jpg 1024w, https:\/\/odontologosadomicilio.com\/wp-content\/uploads\/2026\/02\/closeup-woman-using-toothbrush-while-brushing-teeth-bathroom-768x512.jpg 768w, https:\/\/odontologosadomicilio.com\/wp-content\/uploads\/2026\/02\/closeup-woman-using-toothbrush-while-brushing-teeth-bathroom-1536x1024.jpg 1536w, https:\/\/odontologosadomicilio.com\/wp-content\/uploads\/2026\/02\/closeup-woman-using-toothbrush-while-brushing-teeth-bathroom-2048x1365.jpg 2048w, https:\/\/odontologosadomicilio.com\/wp-content\/uploads\/2026\/02\/closeup-woman-using-toothbrush-while-brushing-teeth-bathroom-1320x880.jpg 1320w, https:\/\/odontologosadomicilio.com\/wp-content\/uploads\/2026\/02\/closeup-woman-using-toothbrush-while-brushing-teeth-bathroom-600x400.jpg 600w\" sizes=\"(max-width: 2560px) 100vw, 2560px\" \/>\n            <\/div>\n        <\/div><div class=\"eael-entry-wrapper\"><header class=\"eael-entry-header\"><h4 class=\"eael-entry-title\"><a class=\"eael-grid-post-link\" href=\"https:\/\/odontologosadomicilio.com\/?p=1402\" title=\"CUIDAR LA SALUD ORAL EN LA VEJEZ FAVORECE LA AUTOESTIMA,ADEMAS DE PREVENIR COMPLICACIONE\">CUIDAR LA SALUD ORAL EN LA VEJEZ FAVORECE LA AUTOESTIMA,ADEMAS DE PREVENIR COMPLICACIONE<\/a><\/h4><\/header><div class=\"eael-entry-content\">\n                        <div class=\"eael-grid-post-excerpt\"><p>CUIDAR LA SALUD ORAL EN LA VEJEZ FAVORECE LA AUTOESTIMA,ADEMAS...<\/p><a href=\"https:\/\/odontologosadomicilio.com\/?p=1402\" class=\"eael-post-elements-readmore-btn\">Leer m\u00e1s<\/a><\/div>\n                    <\/div><div class=\"eael-entry-footer\"><div class=\"eael-entry-meta\"><span class=\"eael-posted-on\"><time datetime=\"22 February, 2026\">22 February, 2026<\/time><\/span><\/div><\/div><\/div><\/div>\n        <\/div>\n    <\/article><article class=\"eael-grid-post  eael-post-grid-column eael-pg-post-892 category-blog tags-odontologia-a-domicilio-salud-bucal\" data-id=\"892\">\n        <div class=\"eael-grid-post-holder\">\n            <div class=\"eael-grid-post-holder-inner\"><div class=\"eael-entry-media\"><div class=\"eael-entry-overlay fade-in\"><i class=\"fas fa-long-arrow-alt-right\" aria-hidden=\"true\"><\/i><a href=\"https:\/\/odontologosadomicilio.com\/?p=892\"><\/a><\/div><div class=\"eael-entry-thumbnail \">\n                <img decoding=\"async\" width=\"2560\" height=\"1707\" src=\"https:\/\/odontologosadomicilio.com\/wp-content\/uploads\/2024\/04\/a-close-up-of-a-persons-mouth-scaled.jpg\" class=\"attachment-full size-full wp-image-891\" alt=\"a close up of a person&#039;s mouth\" title=\"\">\n            <\/div>\n        <\/div><div class=\"eael-entry-wrapper\"><header class=\"eael-entry-header\"><h4 class=\"eael-entry-title\"><a class=\"eael-grid-post-link\" href=\"https:\/\/odontologosadomicilio.com\/?p=892\" title=\"Odontolog\u00eda a domicilio: Una soluci\u00f3n conveniente y personalizada para una sonrisa sana sin salir de casa\">Odontolog\u00eda a domicilio: Una soluci\u00f3n conveniente y personalizada para una sonrisa sana sin salir de casa<\/a><\/h4><\/header><div class=\"eael-entry-content\">\n                        <div class=\"eael-grid-post-excerpt\"><p>Odontolog\u00eda a domicilio la clave para una sonrisa sana sin...<\/p><a href=\"https:\/\/odontologosadomicilio.com\/?p=892\" class=\"eael-post-elements-readmore-btn\">Leer m\u00e1s<\/a><\/div>\n                    <\/div><div class=\"eael-entry-footer\"><div class=\"eael-entry-meta\"><span class=\"eael-posted-on\"><time datetime=\"13 April, 2024\">13 April, 2024<\/time><\/span><\/div><\/div><\/div><\/div>\n        <\/div>\n    <\/article><\/div>\n            <div class=\"clearfix\"><\/div>\n        <\/div>            <div class=\"eael-load-more-button-wrap\">\n                <button class=\"eael-load-more-button\" id=\"eael-load-more-btn-1b6dfb1\" data-widget-id=\"1b6dfb1\" data-widget=\"1b6dfb1\" data-page-id=\"122\" data-template=\"{&quot;dir&quot;:&quot;lite&quot;,&quot;file_name&quot;:&quot;one.php&quot;,&quot;name&quot;:&quot;Post-Grid&quot;}\" data-class=\"Essential_Addons_Elementor\\Elements\\Post_Grid\" data-layout=\"grid\" data-page=\"1\" data-args=\"orderby=date&amp;order=desc&amp;ignore_sticky_posts=1&amp;post_status=publish&amp;posts_per_page=2&amp;offset=0&amp;post_type=post\" data-max-page=\"2\">\n                    <span class=\"eael-btn-loader button__loader\"><\/span>\n                    <span class=\"eael_load_more_text\">Cargar m\u00e1s<\/span>\n                <\/button>\n            <\/div>\n            \t\t\t\t<\/div>\n\t\t\t\t<\/div>\n\t\t\t\t\t<\/div>\n\t\t\t\t<\/div>\n\t\t<div class=\"elementor-element elementor-element-b892f2f e-flex e-con-boxed e-con e-parent\" data-id=\"b892f2f\" data-element_type=\"container\" data-e-type=\"container\">\n\t\t\t\t\t<div class=\"e-con-inner\">\n\t\t\t\t<div class=\"elementor-element elementor-element-78d8500 elementor-widget elementor-widget-heading\" data-id=\"78d8500\" data-element_type=\"widget\" data-e-type=\"widget\" data-widget_type=\"heading.default\">\n\t\t\t\t<div class=\"elementor-widget-container\">\n\t\t\t\t\t<h2 class=\"elementor-heading-title elementor-size-default\">Servicios\u200b<\/h2>\t\t\t\t<\/div>\n\t\t\t\t<\/div>\n\t\t\t\t<div class=\"elementor-element elementor-element-567ceb8 elementor-widget elementor-widget-text-editor\" data-id=\"567ceb8\" data-element_type=\"widget\" data-e-type=\"widget\" data-widget_type=\"text-editor.default\">\n\t\t\t\t<div class=\"elementor-widget-container\">\n\t\t\t\t\t\t\t\t\t<p>En Odont\u00f3logos a Domicilio, estamos dedicados a proporcionar una amplia gama de servicios de odontolog\u00eda de alta calidad en la comodidad y seguridad de tu hogar.<\/p><p><strong>Atenci\u00f3n personalizada y cercana:<\/strong> Nos familiarizamos con tus necesidades y te brindamos un trato amable y comprensivo.<\/p><p><strong>Rapidez y comodidad:<\/strong> Atendemos urgencias odontol\u00f3gicas en casa y agilizamos los procedimientos para que puedas recuperar tu sonrisa lo antes posible.<\/p><p><strong>Tecnolog\u00eda de vanguardia:<\/strong> Utilizamos equipos odontol\u00f3gicos de \u00faltima generaci\u00f3n para ofrecerte los mejores resultados.<\/p><p><strong>Anestesia en casos especiales:<\/strong> Para tu mayor comodidad, podemos utilizar anestesia en procedimientos espec\u00edficos.<\/p><p><strong>Resultados de alta satisfacci\u00f3n:<\/strong> Nos enorgullecemos de brindar un servicio de calidad que te dejar\u00e1 con una sonrisa radiante.<\/p><p><strong>Odont\u00f3logos a Domicilio:<\/strong> Tu sonrisa, nuestra prioridad.<\/p>\t\t\t\t\t\t\t\t<\/div>\n\t\t\t\t<\/div>\n\t\t\t\t\t<\/div>\n\t\t\t\t<\/div>\n\t\t<div class=\"elementor-element elementor-element-3114220 e-con-full e-flex e-con e-parent\" data-id=\"3114220\" data-element_type=\"container\" data-e-type=\"container\">\n\t\t\t\t<div class=\"elementor-element elementor-element-9d576b8 elementor-widget elementor-widget-call-to-action\" data-id=\"9d576b8\" data-element_type=\"widget\" data-e-type=\"widget\" data-widget_type=\"call-to-action.default\">\n\t\t\t\t<div class=\"elementor-widget-container\">\n\t\t\t\t\t \t\t\t\t<\/div>\n\t\t\t\t<\/div>\n\t\t\t\t<\/div>\n\t\t<div class=\"elementor-element elementor-element-a5a80ac e-flex e-con-boxed e-con e-parent\" data-id=\"a5a80ac\" data-element_type=\"container\" data-e-type=\"container\" data-settings=\"{&quot;background_background&quot;:&quot;classic&quot;}\">\n\t\t\t\t\t<div class=\"e-con-inner\">\n\t\t\t\t<div class=\"elementor-element elementor-element-5efb96a elementor-position-top elementor-widget elementor-widget-image-box\" data-id=\"5efb96a\" data-element_type=\"widget\" data-e-type=\"widget\" data-widget_type=\"image-box.default\">\n\t\t\t\t<div class=\"elementor-widget-container\">\n\t\t\t\t\t<div class=\"elementor-image-box-wrapper\"><figure class=\"elementor-image-box-img\"><a href=\"https:\/\/odontologosadomicilio.com\/cirugia-oral\/\" target=\"_blank\" tabindex=\"-1\"><img decoding=\"async\" width=\"1161\" height=\"943\" src=\"https:\/\/odontologosadomicilio.com\/wp-content\/uploads\/2024\/02\/Cirugia-oral.png\" class=\"attachment-full size-full wp-image-126\" alt=\"Realizamos procedimientos quir\u00fargicos orales, incluyendo extracciones de muelas del juicio y cirug\u00eda periodontal\" srcset=\"https:\/\/odontologosadomicilio.com\/wp-content\/uploads\/2024\/02\/Cirugia-oral.png 1161w, https:\/\/odontologosadomicilio.com\/wp-content\/uploads\/2024\/02\/Cirugia-oral-600x487.png 600w, https:\/\/odontologosadomicilio.com\/wp-content\/uploads\/2024\/02\/Cirugia-oral-300x244.png 300w, https:\/\/odontologosadomicilio.com\/wp-content\/uploads\/2024\/02\/Cirugia-oral-1024x832.png 1024w, https:\/\/odontologosadomicilio.com\/wp-content\/uploads\/2024\/02\/Cirugia-oral-768x624.png 768w\" sizes=\"(max-width: 1161px) 100vw, 1161px\" title=\"\"><\/a><\/figure><div class=\"elementor-image-box-content\"><h3 class=\"elementor-image-box-title\"><a href=\"https:\/\/odontologosadomicilio.com\/cirugia-oral\/\" target=\"_blank\">Cirug\u00eda Oral<\/a><\/h3><p class=\"elementor-image-box-description\">Realizamos procedimientos quir\u00fargicos orales, incluyendo extracciones de muelas del juicio y cirug\u00eda periodontal<\/p><\/div><\/div>\t\t\t\t<\/div>\n\t\t\t\t<\/div>\n\t\t\t\t<div class=\"elementor-element elementor-element-ec33775 elementor-position-top elementor-widget elementor-widget-image-box\" data-id=\"ec33775\" data-element_type=\"widget\" data-e-type=\"widget\" data-widget_type=\"image-box.default\">\n\t\t\t\t<div class=\"elementor-widget-container\">\n\t\t\t\t\t<div class=\"elementor-image-box-wrapper\"><figure class=\"elementor-image-box-img\"><a href=\"https:\/\/odontologosadomicilio.com\/consultas-de-rutina\/\" target=\"_blank\" tabindex=\"-1\"><img loading=\"lazy\" decoding=\"async\" width=\"824\" height=\"716\" src=\"https:\/\/odontologosadomicilio.com\/wp-content\/uploads\/2024\/02\/Consulta-de-rutina.png\" class=\"attachment-full size-full wp-image-127\" alt=\"Nuestros odont\u00f3logos realizar\u00e1n revisiones completas y te brindar\u00e1n consejos sobre el cuidado bucal.\" srcset=\"https:\/\/odontologosadomicilio.com\/wp-content\/uploads\/2024\/02\/Consulta-de-rutina.png 824w, https:\/\/odontologosadomicilio.com\/wp-content\/uploads\/2024\/02\/Consulta-de-rutina-600x521.png 600w, https:\/\/odontologosadomicilio.com\/wp-content\/uploads\/2024\/02\/Consulta-de-rutina-300x261.png 300w, https:\/\/odontologosadomicilio.com\/wp-content\/uploads\/2024\/02\/Consulta-de-rutina-768x667.png 768w\" sizes=\"(max-width: 824px) 100vw, 824px\" title=\"\"><\/a><\/figure><div class=\"elementor-image-box-content\"><h3 class=\"elementor-image-box-title\"><a href=\"https:\/\/odontologosadomicilio.com\/consultas-de-rutina\/\" target=\"_blank\">Consultas de Rutina<\/a><\/h3><p class=\"elementor-image-box-description\">Nuestros odont\u00f3logos realizar\u00e1n revisiones completas y te brindar\u00e1n consejos sobre el cuidado bucal.<\/p><\/div><\/div>\t\t\t\t<\/div>\n\t\t\t\t<\/div>\n\t\t\t\t<div class=\"elementor-element elementor-element-43e1c32 elementor-position-top elementor-widget elementor-widget-image-box\" data-id=\"43e1c32\" data-element_type=\"widget\" data-e-type=\"widget\" data-widget_type=\"image-box.default\">\n\t\t\t\t<div class=\"elementor-widget-container\">\n\t\t\t\t\t<div class=\"elementor-image-box-wrapper\"><figure class=\"elementor-image-box-img\"><a href=\"https:\/\/odontologosadomicilio.com\/tratamientos-de-endodoncia\/\" target=\"_blank\" tabindex=\"-1\"><img loading=\"lazy\" decoding=\"async\" width=\"1256\" height=\"942\" src=\"https:\/\/odontologosadomicilio.com\/wp-content\/uploads\/2024\/02\/Traramiento-de-endodoncia.png\" class=\"attachment-full size-full wp-image-130\" alt=\"Ofrecemos tratamientos de conducto para salvar dientes da\u00f1ados o infectados y aliviar el dolor.\" srcset=\"https:\/\/odontologosadomicilio.com\/wp-content\/uploads\/2024\/02\/Traramiento-de-endodoncia.png 1256w, https:\/\/odontologosadomicilio.com\/wp-content\/uploads\/2024\/02\/Traramiento-de-endodoncia-600x450.png 600w, https:\/\/odontologosadomicilio.com\/wp-content\/uploads\/2024\/02\/Traramiento-de-endodoncia-300x225.png 300w, https:\/\/odontologosadomicilio.com\/wp-content\/uploads\/2024\/02\/Traramiento-de-endodoncia-1024x768.png 1024w, https:\/\/odontologosadomicilio.com\/wp-content\/uploads\/2024\/02\/Traramiento-de-endodoncia-768x576.png 768w\" sizes=\"(max-width: 1256px) 100vw, 1256px\" title=\"\"><\/a><\/figure><div class=\"elementor-image-box-content\"><h3 class=\"elementor-image-box-title\"><a href=\"https:\/\/odontologosadomicilio.com\/tratamientos-de-endodoncia\/\" target=\"_blank\">Tratamientos de Endodoncia<\/a><\/h3><p class=\"elementor-image-box-description\">Ofrecemos tratamientos de conducto para salvar dientes da\u00f1ados o infectados y aliviar el dolor.<\/p><\/div><\/div>\t\t\t\t<\/div>\n\t\t\t\t<\/div>\n\t\t\t\t\t<\/div>\n\t\t\t\t<\/div>\n\t\t<div class=\"elementor-element elementor-element-acacc0e e-flex e-con-boxed e-con e-parent\" data-id=\"acacc0e\" data-element_type=\"container\" data-e-type=\"container\" data-settings=\"{&quot;background_background&quot;:&quot;classic&quot;}\">\n\t\t\t\t\t<div class=\"e-con-inner\">\n\t\t\t\t<div class=\"elementor-element elementor-element-2f92493 elementor-position-top elementor-widget elementor-widget-image-box\" data-id=\"2f92493\" data-element_type=\"widget\" data-e-type=\"widget\" data-widget_type=\"image-box.default\">\n\t\t\t\t<div class=\"elementor-widget-container\">\n\t\t\t\t\t<div class=\"elementor-image-box-wrapper\"><figure class=\"elementor-image-box-img\"><a href=\"https:\/\/odontologosadomicilio.com\/extracciones-dentales\/\" target=\"_blank\" tabindex=\"-1\"><img loading=\"lazy\" decoding=\"async\" width=\"794\" height=\"528\" src=\"https:\/\/odontologosadomicilio.com\/wp-content\/uploads\/2024\/02\/Extracciones-dentales-.png\" class=\"attachment-full size-full wp-image-128\" alt=\"Realizamos extracciones dentales cuidadosas cuando sea necesario para garantizar tu comodidad y recuperaci\u00f3n.\" srcset=\"https:\/\/odontologosadomicilio.com\/wp-content\/uploads\/2024\/02\/Extracciones-dentales-.png 794w, https:\/\/odontologosadomicilio.com\/wp-content\/uploads\/2024\/02\/Extracciones-dentales--600x399.png 600w, https:\/\/odontologosadomicilio.com\/wp-content\/uploads\/2024\/02\/Extracciones-dentales--300x199.png 300w, https:\/\/odontologosadomicilio.com\/wp-content\/uploads\/2024\/02\/Extracciones-dentales--768x511.png 768w\" sizes=\"(max-width: 794px) 100vw, 794px\" title=\"\"><\/a><\/figure><div class=\"elementor-image-box-content\"><h3 class=\"elementor-image-box-title\"><a href=\"https:\/\/odontologosadomicilio.com\/extracciones-dentales\/\" target=\"_blank\">\u00a0Extracciones Dentales<\/a><\/h3><p class=\"elementor-image-box-description\">Realizamos extracciones dentales cuidadosas cuando sea necesario para garantizar tu comodidad y recuperaci\u00f3n.<\/p><\/div><\/div>\t\t\t\t<\/div>\n\t\t\t\t<\/div>\n\t\t\t\t<div class=\"elementor-element elementor-element-0a5ff91 elementor-position-top elementor-widget elementor-widget-image-box\" data-id=\"0a5ff91\" data-element_type=\"widget\" data-e-type=\"widget\" data-widget_type=\"image-box.default\">\n\t\t\t\t<div class=\"elementor-widget-container\">\n\t\t\t\t\t<div class=\"elementor-image-box-wrapper\"><figure class=\"elementor-image-box-img\"><a href=\"https:\/\/odontologosadomicilio.com\/atencion-de-emergencia\/\" target=\"_blank\" tabindex=\"-1\"><img loading=\"lazy\" decoding=\"async\" width=\"325\" height=\"217\" src=\"https:\/\/odontologosadomicilio.com\/wp-content\/uploads\/2024\/02\/Atancion-de-emrgencias.png\" class=\"attachment-full size-full wp-image-125\" alt=\"Estamos disponibles para atender tus emergencias dentales con prontitud y cuidado experto.\" srcset=\"https:\/\/odontologosadomicilio.com\/wp-content\/uploads\/2024\/02\/Atancion-de-emrgencias.png 325w, https:\/\/odontologosadomicilio.com\/wp-content\/uploads\/2024\/02\/Atancion-de-emrgencias-300x200.png 300w\" sizes=\"(max-width: 325px) 100vw, 325px\" title=\"\"><\/a><\/figure><div class=\"elementor-image-box-content\"><h3 class=\"elementor-image-box-title\"><a href=\"https:\/\/odontologosadomicilio.com\/atencion-de-emergencia\/\" target=\"_blank\">\u00a0Atenci\u00f3n de Emergencia<\/a><\/h3><p class=\"elementor-image-box-description\">Estamos disponibles para atender tus emergencias dentales con prontitud y cuidado experto.<\/p><\/div><\/div>\t\t\t\t<\/div>\n\t\t\t\t<\/div>\n\t\t\t\t<div class=\"elementor-element elementor-element-c2fe95c elementor-position-top elementor-widget elementor-widget-image-box\" data-id=\"c2fe95c\" data-element_type=\"widget\" data-e-type=\"widget\" data-widget_type=\"image-box.default\">\n\t\t\t\t<div class=\"elementor-widget-container\">\n\t\t\t\t\t<div class=\"elementor-image-box-wrapper\"><figure class=\"elementor-image-box-img\"><a href=\"https:\/\/odontologosadomicilio.com\/protesis-dentales\/\" target=\"_blank\" tabindex=\"-1\"><img loading=\"lazy\" decoding=\"async\" width=\"328\" height=\"220\" src=\"https:\/\/odontologosadomicilio.com\/wp-content\/uploads\/2024\/02\/Protesis-dentales.png\" class=\"attachment-full size-full wp-image-129\" alt=\"Proporcionamos soluciones de pr\u00f3tesis dentales, como dentaduras y puentes, para restaurar la funcionalidad y est\u00e9tica de tu sonrisa.\" srcset=\"https:\/\/odontologosadomicilio.com\/wp-content\/uploads\/2024\/02\/Protesis-dentales.png 328w, https:\/\/odontologosadomicilio.com\/wp-content\/uploads\/2024\/02\/Protesis-dentales-300x201.png 300w\" sizes=\"(max-width: 328px) 100vw, 328px\" title=\"\"><\/a><\/figure><div class=\"elementor-image-box-content\"><h3 class=\"elementor-image-box-title\"><a href=\"https:\/\/odontologosadomicilio.com\/protesis-dentales\/\" target=\"_blank\">Pr\u00f3tesis Dentales<\/a><\/h3><p class=\"elementor-image-box-description\">Proporcionamos soluciones de pr\u00f3tesis dentales, como dentaduras y puentes, para restaurar la funcionalidad y est\u00e9tica de tu sonrisa.<\/p><\/div><\/div>\t\t\t\t<\/div>\n\t\t\t\t<\/div>\n\t\t\t\t\t<\/div>\n\t\t\t\t<\/div>\n\t\t<div class=\"elementor-element elementor-element-3474ece e-flex e-con-boxed e-con e-parent\" data-id=\"3474ece\" data-element_type=\"container\" data-e-type=\"container\">\n\t\t\t\t\t<div class=\"e-con-inner\">\n\t\t\t\t<div class=\"elementor-element elementor-element-a14821e elementor-widget elementor-widget-spacer\" data-id=\"a14821e\" data-element_type=\"widget\" data-e-type=\"widget\" data-widget_type=\"spacer.default\">\n\t\t\t\t<div class=\"elementor-widget-container\">\n\t\t\t\t\t\t\t<div class=\"elementor-spacer\">\n\t\t\t<div class=\"elementor-spacer-inner\"><\/div>\n\t\t<\/div>\n\t\t\t\t\t\t<\/div>\n\t\t\t\t<\/div>\n\t\t\t\t\t<\/div>\n\t\t\t\t<\/div>\n\t\t<div class=\"elementor-element elementor-element-446c759 e-flex e-con-boxed e-con e-parent\" data-id=\"446c759\" data-element_type=\"container\" data-e-type=\"container\" data-settings=\"{&quot;background_background&quot;:&quot;classic&quot;}\">\n\t\t\t\t\t<div class=\"e-con-inner\">\n\t\t\t\t\t<\/div>\n\t\t\t\t<\/div>\n\t\t<div class=\"elementor-element elementor-element-cf0c574 e-flex e-con-boxed e-con e-parent\" data-id=\"cf0c574\" data-element_type=\"container\" data-e-type=\"container\">\n\t\t\t\t\t<div class=\"e-con-inner\">\n\t\t\t\t<div class=\"elementor-element elementor-element-8095b4e elementor-widget elementor-widget-spacer\" data-id=\"8095b4e\" data-element_type=\"widget\" data-e-type=\"widget\" data-widget_type=\"spacer.default\">\n\t\t\t\t<div class=\"elementor-widget-container\">\n\t\t\t\t\t\t\t<div class=\"elementor-spacer\">\n\t\t\t<div class=\"elementor-spacer-inner\"><\/div>\n\t\t<\/div>\n\t\t\t\t\t\t<\/div>\n\t\t\t\t<\/div>\n\t\t\t\t\t<\/div>\n\t\t\t\t<\/div>\n\t\t\t\t<\/div>\n\t\t","protected":false},"excerpt":{"rendered":"<p>\u00a1Una sonrisa radiante te espera! \u00a1Una sonrisa radiante te espera! Marzo es el mes del&#8230; Leer m\u00e1s 26 marzo, 2024 [&hellip;]<\/p>\n","protected":false},"author":1,"featured_media":35,"parent":0,"menu_order":0,"comment_status":"closed","ping_status":"closed","template":"","meta":{"_eb_attr":"","_monsterinsights_skip_tracking":false,"_monsterinsights_sitenote_active":false,"_monsterinsights_sitenote_note":"","_monsterinsights_sitenote_category":0,"site-sidebar-layout":"no-sidebar","site-content-layout":"","ast-site-content-layout":"full-width-container","site-content-style":"default","site-sidebar-style":"default","ast-global-header-display":"","ast-banner-title-visibility":"","ast-main-header-display":"","ast-hfb-above-header-display":"","ast-hfb-below-header-display":"","ast-hfb-mobile-header-display":"","site-post-title":"disabled","ast-breadcrumbs-content":"","ast-featured-img":"disabled","footer-sml-layout":"","ast-disable-related-posts":"","theme-transparent-header-meta":"","adv-header-id-meta":"","stick-header-meta":"","header-above-stick-meta":"","header-main-stick-meta":"","header-below-stick-meta":"","astra-migrate-meta-layouts":"default","ast-page-background-enabled":"default","ast-page-background-meta":{"desktop":{"background-color":"var(--ast-global-color-4)","background-image":"","background-repeat":"repeat","background-position":"center center","background-size":"auto","background-attachment":"scroll","background-type":"","background-media":"","overlay-type":"","overlay-color":"","overlay-opacity":"","overlay-gradient":""},"tablet":{"background-color":"","background-image":"","background-repeat":"repeat","background-position":"center center","background-size":"auto","background-attachment":"scroll","background-type":"","background-media":"","overlay-type":"","overlay-color":"","overlay-opacity":"","overlay-gradient":""},"mobile":{"background-color":"","background-image":"","background-repeat":"repeat","background-position":"center center","background-size":"auto","background-attachment":"scroll","background-type":"","background-media":"","overlay-type":"","overlay-color":"","overlay-opacity":"","overlay-gradient":""}},"ast-content-background-meta":{"desktop":{"background-color":"var(--ast-global-color-5)","background-image":"","background-repeat":"repeat","background-position":"center center","background-size":"auto","background-attachment":"scroll","background-type":"","background-media":"","overlay-type":"","overlay-color":"","overlay-opacity":"","overlay-gradient":""},"tablet":{"background-color":"var(--ast-global-color-5)","background-image":"","background-repeat":"repeat","background-position":"center center","background-size":"auto","background-attachment":"scroll","background-type":"","background-media":"","overlay-type":"","overlay-color":"","overlay-opacity":"","overlay-gradient":""},"mobile":{"background-color":"var(--ast-global-color-5)","background-image":"","background-repeat":"repeat","background-position":"center center","background-size":"auto","background-attachment":"scroll","background-type":"","background-media":"","overlay-type":"","overlay-color":"","overlay-opacity":"","overlay-gradient":""}},"footnotes":""},"class_list":["post-122","page","type-page","status-publish","has-post-thumbnail","hentry"],"jetpack_sharing_enabled":true,"_links":{"self":[{"href":"https:\/\/odontologosadomicilio.com\/index.php?rest_route=\/wp\/v2\/pages\/122","targetHints":{"allow":["GET"]}}],"collection":[{"href":"https:\/\/odontologosadomicilio.com\/index.php?rest_route=\/wp\/v2\/pages"}],"about":[{"href":"https:\/\/odontologosadomicilio.com\/index.php?rest_route=\/wp\/v2\/types\/page"}],"author":[{"embeddable":true,"href":"https:\/\/odontologosadomicilio.com\/index.php?rest_route=\/wp\/v2\/users\/1"}],"replies":[{"embeddable":true,"href":"https:\/\/odontologosadomicilio.com\/index.php?rest_route=%2Fwp%2Fv2%2Fcomments&post=122"}],"version-history":[{"count":30,"href":"https:\/\/odontologosadomicilio.com\/index.php?rest_route=\/wp\/v2\/pages\/122\/revisions"}],"predecessor-version":[{"id":810,"href":"https:\/\/odontologosadomicilio.com\/index.php?rest_route=\/wp\/v2\/pages\/122\/revisions\/810"}],"wp:featuredmedia":[{"embeddable":true,"href":"https:\/\/odontologosadomicilio.com\/index.php?rest_route=\/wp\/v2\/media\/35"}],"wp:attachment":[{"href":"https:\/\/odontologosadomicilio.com\/index.php?rest_route=%2Fwp%2Fv2%2Fmedia&parent=122"}],"curies":[{"name":"wp","href":"https:\/\/api.w.org\/{rel}","templated":true}]}}